1 - -2bd08d?
2bd08c
In base 10, what is 18 + 1086535?
1086553
In base 10, what is 22 + 25681418?
25681440
In base 9, what is -12508 - 304378?
-316887
In base 4, what is 1012232 + 12220323?
13233221
In base 5, what is -4 - 140210142?
-140210201
In base 12, what is -12b3 + -39b?
-1692
In base 5, what is -3 + -10202430100?
-10202430103
In base 8, what is 24273 - -232?
24525
In base 7, what is -5543264 - -32?
-5543232
In base 2, what is -1011101010001100001110 - 11?
-1011101010001100010001
In base 5, what is 102142 + -221112?
-113420
In base 3, what is -212210200211022 + 202?
-212210200210120
In base 5, what is 234441000 + 1200?
234442200
In base 14, what is 70a + 11c3?
18cd
In base 10, what is 1 - 64110781?
-64110780
In base 2, what is -111111111001111010100 + -11100?
-111111111001111110000
In base 15, what is 880a + -979?
7d81
In base 6, what is 3012432 + -255?
3012133
In base 4, what is 3121021 - -2101030?
11222111
In base 9, what is -228656 - -114?
-228542
In base 5, what is 22112 + 32412?
110024
In base 11, what is a898968 - 1?
a898967
In base 10, what is -8419 - 17839?
-26258
In base 15, what is 4 - -2a203a?
2a203e
In base 9, what is -284 - 54665?
-55060
In base 14, what is -6d - -acb17?
aca88
In base 9, what is -4 - -154031024?
154031020
In base 12, what is 324871b + -b?
3248710
In base 8, what is 1205376 - 45?
1205331
In base 12, what is 9925 + 422?
a147
In base 16, what is -13dc053 - -49?
-13dc00a
In base 12, what is -117415a + 3?
-1174157
In base 12, what is -405aba + 5?
-405ab5
In base 9, what is 16802138 + 4?
16802143
In base 4, what is 23311003212 - 33?
23311003113
In base 9, what is 248816 - -16?
248833
In base 12, what is -65 - -24b4a?
24aa5
In base 16, what is ee56 + 16e?
efc4
In base 2, what is -1 + -10011011110000010110011?
-10011011110000010110100
In base 14, what is -3 + -800dc8?
-800dcb
In base 15, what is 16 - -cc8c4?
cc8da
In base 2, what is -111111 + -10011101000010100110101?
-10011101000010101110100
In base 2, what is -1001 + -1100000001001110111000?
-1100000001001111000001
In base 3, what is 1222020 - -101220212?
110220002
In base 14, what is bc32791 + 0?
bc32791
In base 5, what is 331040 + 102202?
433242
In base 15, what is 27ee + -1c95?
a59
In base 9, what is -4 - -160052356?
160052352
In base 2, what is -100011110 + -11010111110000001?
-11011000010011111
In base 12, what is -86a - -7831?
6b83
In base 9, what is -2 - -411675175?
411675173
In base 3, what is 21200102 - 120212?
21002120
In base 13, what is 1a3b053 - 31?
1a3b022
In base 13, what is -16cc6 + -13a?
-17133
In base 5, what is 4102 + 240424?
300031
In base 4, what is 301 + -101302133?
-101301232
In base 12, what is a610 + 4a9?
aab9
In base 7, what is 12 - -20462631?
20462643
In base 12, what is -3586b + 664?
-35207
In base 15, what is -a + 216ac3?
216ab8
In base 15, what is -5 - 45c4384?
-45c4389
In base 4, what is -312121321003 - 102?
-312121321111
In base 14, what is 9a99bc - 6?
9a99b6
In base 6, what is -102435400313 - -2?
-102435400311
In base 4, what is -1001 - 122022120?
-122023121
In base 8, what is 2 - -12045701?
12045703
In base 11, what is 18 - -5816430?
5816448
In base 3, what is -10012021200001 + -121200?
-10012022021201
In base 7, what is 25545015422 - 5?
25545015414
In base 16, what is -3 + 261065?
261062
In base 14, what is 1b - 6351a8?
-63518b
In base 9, what is -188 + -5162355?
-5162554
In base 6, what is 1335012 + -3441?
1331131
In base 5, what is 3 + -240312443?
-240312440
In base 11, what is -894 + 2076?
1292
In base 5, what is 130430 + 14040?
200020
In base 3, what is -2 + 20010020121220?
20010020121211
In base 2, what is -11110 + 1100111010000010101?
1100111001111110111
In base 10, what is -73005291 - -7?
-73005284
In base 9, what is -465582828 + 1?
-465582827
In base 4, what is 20123 + 1023023030?
1023103213
In base 4, what is -321 + 3032200313?
3032133332
In base 7, what is 14 + 54354?
54401
In base 10, what is -1946017 - 13?
-1946030
In base 9, what is -273654 - -108?
-273545
In base 14, what is -198 - 472ad4?
-472c8c
In base 8, what is -45 - -37727753?
37727706
In base 8, what is -14226445 - -11?
-14226434
In base 15, what is 5 - 106459?
-106454
In base 15, what is -2427722 + -1?
-2427723
In base 11, what is 6 - 1166781?
-1166776
In base 14, what is -5ac - 1274?
-1842
In base 16, what is 283 - -9fc6?
a249
In base 10, what is -27537636 - 11?
-27537647
In base 15, what is 28820b - c1?
28813a
In base 5, what is -420223 + 401211?
-14012
In base 16, what is -219 + 617d3?
615ba
In base 3, what is 10102220110110 + 112111?
10102220222221
In base 3, what is 220020200222202 - 11?
220020200222121
In base 9, what is 3 - -31653561?
31653564
In base 6, what is -334 - 2213154?
-2213532
In base 2, what is 111 + -1010010110011010111010011?
-1010010110011010111001100
In base 14, what is 5 + -2b5296?
-2b5291
In base 11, what is 2 + 27635655?
27635657
In base 10, what is -93 - -11376?
11283
In base 4, what is -2323033302100 + 10?
-2323033302030
In base 14, what is 1c5 - -3d63?
4148
In base 9, what is 15806 + -11284?
4512
In base 14, what is -2 + 322085?
322083
In base 6, what is 5 - -1050244412?
1050244421
In base 10, what is 15334 - -1497?
16831
In base 3, what is -101122101 + -220111021?
-1022010122
In base 6, what is 3103 - -33021524?
33025031
In base 14, what is 2 + 76c7097?
76c7099
In base 12, what is -86 - -4b935?
4b86b
In base 13, what is 1a95347 - 2?
1a95345
In base 2, what is -101110011 - 11010110111001?
-11011100101100
In base 14, what is 1516 - -11b?
1633
In base 16, what is -29954 - b?
-2995f
In base 2, what is 1001110000100011010 + -101001?
1001110000011110001
In base 2, what is 101100101010001 - 1100010010100?
100000010111101
In base 12, what is 9 - 7320ab?
-7320a2
In base 16, what is 65a5 - c58?
594d
In base 16, what is c620 - ac?
c574
In base 11, what is -313401 - -45a?
-312a52
In base 3, what is -112111 - -102210000210?
102202111022
In base 7, what is 2 + 36351166?
36351201
In base 13, what is -4 - -b3cc80?
b3cc79
In base 10, what is 209491 - -130?
209621
In base 9, what is -130747 + -373?
-131231
In base 2, what is 100000111000011 + 100111100101000?
1001000011101011
In base 10, what is 30420 - 14735?
15685
In base 11, what is 3a41a99 - -1?
3a41a9a
In base 4, what is 1312 - -20233010?
20300322
In base 5, what is -3 + -140331122?
-140331130
In base 5, what is -2034440 - -310303?
-1224132
In base 10, what is 100037 + 100?
100137
In base 14, what is 402dd - -5d?
4035c
In base 3, what is 21020120 + -121020?
20122100
In base 11, what is 3810033 + 4?
3810037
In base 10, what is 778076 + 13?
778089
In base 11, what is -804021a + -6?
-8040225
In base 7, what is -25324 - 6315?
-34642
In base 3, what is 1 + 2001000200112?
2001000200120
In base 8, what is 5 + 260041471?
260041476
In base 15, what is -c8 - -8843?
876a
In base 2, what is -1101111000000 - 1100010?
-1110000100010
In base 16, what is -390caef + 3?
-390caec
In base 14, what is -60 + -51800?
-51860
In base 4, what is -12011233 - 100221?
-12112120
In base 9, what is 57 + -626851?
-626783
In base 8, what is -46 - -2627762?
2627714
In base 10, what is 8 + 25988265?
25988273
In base 14, what is -b763a - -52?
-b75c8
In base 4, what is 122000123102 + -211?
122000122231
In base 7, what is 11 + -4134256?
-4134245
In base 11, what is -302 + 54a5?
51a3
In base 5, what is 133434341 + -12022?
133422314
In base 12, what is -5aa - -10453?
ba65
In base 9, what is -3 + -43725?
-43728
In base 11, what is -1 - 46775731?
-46775732
In base 12, what is 35ab363 - 21?
35ab342
In base 10, what is 4 - 3169730?
-3169726
In base 4, what is -1323010 + 32132?
-1230212
In base 12, what is -3b844 + 92?
-3b772
In base 14, what is 266774 - 4d?
266725
In base 12, what is 0 - -8672a88?
8672a88
In base 7, what is -53650 + 3645?
-50002
In base 4, what is 1103 + 13030112?
13031221
In base 10, what is -4376 + -11604?
-15980
In base 6, what is 512045025 + -5?
512045020
In base 3, what is -22202 - 1102002011012?
-1102002110221
In base 7, what is -20 - -1432516?
1432466
In base 8, what is -1102527 - 46?
-1102575
In base 3, what is 100011 + -1112120022112?
-1112112222101
In base 4, what is -10 + -120321221333?
-120321222003
In base 15, what is -5 + -16d517c6?
-16d517cb
In base 12, what is 3865 - 2527?
133a
In base 7, what is -